+ 250 = 0, 3*v = 5*v - 4*c - 210. What is the hundreds digit of v?
1
Suppose 0 = 2*i + 2*c - 70, -3*i - 6*c + 102 = -2*c. What is the tens digit of i?
3
Suppose -4*o - 5*p = 39, 4*o + o = -3*p - 39. Let a(k) be the first derivative of -k**2/2 - 4*k - 8. What is the units digit of a(o)?
2
Suppose -40 = -2*r + 4*s, 6*s = 5*r + 2*s - 112. What is the units digit of r?
4
Let m = -4 + 6. Let p be m*3 - 6/3. Suppose -p*o - 4 + 12 = 0. What is the units digit of o?
2
Suppose 8*b - 6 = 5*b. Suppose 25 = 5*a, b*y + 5*a + 0 - 39 = 0. What is the units digit of y?
7
Suppose -d - 2*t + 296 = 0, 7*d + 2*t - 600 = 5*d. What is the hundreds digit of d?
3
What is the units digit of 2043/36 - (-2)/8?
7
Suppose 4*v - 12 = -3*q, 5*q - 43 = 3*v - 2*v. Let i = q + 0. What is the units digit of i?
8
Let w(j) = j**3 + 14*j**2 + 11*j - 18. What is the units digit of w(-13)?
8
Suppose 0 = 2*j + j. Let h be -1 + 6 - -2 - j. Suppose -h*x = -2*x - 20. What is the units digit of x?
4
Suppose -f + 3 + 27 = 0. What is the units digit of f?
0
Suppose -134 = -5*a + 46. What is the units digit of a?
6
Let g(i) = -7*i. Let b be g(-2). Suppose 2*n - b + 4 = 0. Suppose -3*d - 2*q = n, -d + 0 = 2*q + 7. What is the units digit of d?
1
Let a(b) = -b**2 + 5*b**2 + b - b**3 - 3*b**2 + 0*b**2 + 19. What is the tens digit of a(0)?
1
Let r(l) = l**2 - l - 1. Let j(m) = -7*m**2 + 2*m + 8. Let i(s) = -j(s) - 5*r(s). What is the units digit of i(-3)?
6
Let z(s) = -s**3 + s**2 + 5*s - 2. Let f be z(3). What is the units digit of (0 + 1)*(2 - f)?
7
Let q(r) = 6*r - 12. What is the units digit of q(6)?
4
Let b(y) be the third derivative of -y**6/120 + y**5/15 + y**4/3 - 7*y**3/6 - y**2. Let z be b(5). Let o = z - 5. What is the units digit of o?
3
Suppose 3*y - 4*h = 20, 15 = -3*y - h - 2*h. Suppose y*o - 35 = -5*o. What is the units digit of o?
7
Let l(p) be the third derivative of p**4/12 - p**3/6 - p**2. What is the units digit of l(5)?
9
Suppose 0*y + 3 = y. Suppose 0 = n + y*n + 152. What is the units digit of n/(-4) - 3/6?
9
Let d(w) = -w**2 - 6*w + 120. What is the units digit of d(0)?
0
Let g be 6/(-9)*-57 - -1. Suppose 0 = 5*k + 3*p + g, 5*k + 1 = 3*p - 20. What is the units digit of (k/2)/((-6)/4)?
2
Suppose 39 - 191 = -8*b. What is the tens digit of b?
1
Suppose -7 = 3*r - 4*t, r = 6*r - 2*t + 35. Let u = r + 6. Let b(k) = 2*k**2 + 4*k + 3. What is the units digit of b(u)?
9
Suppose -32 - 8 = -k. What is the units digit of k?
0
Suppose 4*o - 32 = 28. Let y be 58/6 - 10/o. Suppose 3 = -2*m + y. What is the units digit of m?
3
Let s(g) = 7*g**2 + 1. Let p be s(-1). Let u = -6 + p. What is the units digit of -10*(-1)/u + 1?
6
Let h be 5 + -5 + 2 + 0. Suppose 2*l + h*l = 132. What is the units digit of l?
3
Let m(l) = 4*l**2 - 13*l + 12. What is the tens digit of m(8)?
6
Let g = 68 + -30. Suppose -v + 14 = 2*l, -v + g = 3*v - l. What is the tens digit of v?
1
Suppose 0*k = k - 51. Let u = k - 34. What is the tens digit of u?
1
Suppose 0 = -d - 0*d + 11. Suppose v = d + 4. What is the tens digit of v?
1
Suppose 5*s - 2*s = 6. Suppose -2*v - 1 = -9. What is the units digit of 6/4 - s/v?
1
Let v(o) be the second derivative of o**3/6 - o**2/2 - 8*o. Let n = -3 + 5. What is the units digit of v(n)?
1
Let n be 2/(-2) + 1 - -8. Let p = -5 + n. Suppose -4*y = -z - 2*z + 37, 5*y - 1 = -p*z. What is the units digit of z?
7
What is the tens digit of 3/(-3*4/(-228))?
5
Suppose -3*x = g - 0*x - 17, 0 = -2*x + 8. Suppose 5 = q, s + g*q - 4 = 15. What is the units digit of 12*(-2)/8*s?
8
Let l(j) = 2*j**3 - 4*j**2 + 2*j. Let g be l(3). Suppose -4*m + 2*a = -g, -3*m + 3*a = 5*a - 18. What is the units digit of m?
6
Let z = -30 + 44. What is the tens digit of z?
1
Let s = -262 + 486. What is the tens digit of s?
2
Suppose -2*v - 409 = -3*y, -3*y + 98 = 3*v - 286. What is the hundreds digit of y?
1
Let k(y) = -y**3 - 5*y**2 - 8*y - 4. Let t be k(-5). Let v = 52 - t. What is the tens digit of v?
1
Let y = -2 + 4. Let j be -5*(y + 4/(-5)). What is the units digit of 1 - (-2)/j*0?
1
Let x(a) = a**2. Suppose -2*d + 0*d - 4 = 0. Let f be x(d). Let k(p) = p + 3. What is the units digit of k(f)?
7
Let s(g) = 2*g**2 - 13*g + 1. What is the tens digit of s(9)?
4
Suppose 0 = -5*j - y + 316, -2*j - 5*y + 172 = j. What is the tens digit of j?
6
Let a(c) = c**2 + 3*c + 11. What is the units digit of a(-5)?
1
Let w(d) = 2*d**3 - d**2 - 2*d + 2. Let r(g) = 2*g - 6. Let z be r(4). Let c be w(z). What is the units digit of (3/2)/(5/c)?
3
Let a(b) = 2*b**3 - 8*b**2 + 4*b + 6. What is the units digit of a(5)?
6
Let u = 20 + -8. Suppose n - u = -3*n. What is the units digit of n?
3
Let p = 1 - -56. What is the units digit of p?
7
Let h = -145 + 277. Suppose -w = -4*c - 2*w + h, -w + 30 = c. What is the tens digit of c?
3
Let c be (-3)/(-1) + (0 - 1). Suppose -5*w = -3*w + c, 2*b = -3*w + 1. Suppose x + 2*x = 5*g - 35, -g + b*x + 7 = 0. What is the units digit of g?
7
Suppose -22*d - 69 = -25*d. What is the tens digit of d?
2
Let j(v) = 6*v - 9. Let f = 3 + 4. What is the tens digit of j(f)?
3
Suppose 2*r = 2 + 8. Suppose 0*n + r*n = 45. What is the units digit of n?
9
Suppose -4*w + 3*t + 9 = 3, -20 = -4*w - 4*t. What is the units digit of (w + -1)/(4/6)?
3
Let y(a) = a**3 + 9*a**2 + 8*a + 4. Suppose -4*b - b = 40. What is the units digit of y(b)?
4
Let p be (1 - 0)*(-4 + 6). Suppose -4*b + 21 = -5*f, -3*b - 3*f + p*f = -30. What is the units digit of b?
9
Suppose t + 4*c - 24 = 0, 0 = -4*t - 6*c + 3*c + 70. What is the units digit of t?
6
Suppose 1694 = 25*z - 14*z. What is the hundreds digit of z?
1
Suppose 0 = -5*r + 2*k + 26, 0 = 5*r - 4*k + 3*k - 28. What is the units digit of r?
6
Suppose 5*y - 673 = -2*n, 4*y = 5*y - 2*n - 125. What is the hundreds digit of y?
1
Let u(q) = -2*q - 4. Let s(p) = p**2 + 8*p + 1. Let z be s(-6). Let d = z - -3. What is the tens digit of u(d)?
1
What is the tens digit of -5*(-42)/15*6?
8
Let y(f) = 16*f**2 - 7. Let k be y(3). Let m = -90 + k. What is the tens digit of m?
4
Let n be 7/(-4) + 3/(-12). What is the units digit of ((-3)/6)/(n/12)?
3
Suppose 0*i = 4*i - 20. Suppose -51 = -i*j + 4. What is the units digit of j?
1
Let h(n) = n**3 + 8*n**2 + 5*n - 8. What is the units digit of h(-6)?
4
Suppose 5*l + s = 130, -l + 6*l - 130 = 2*s. What is the tens digit of l?
2
Let f be (0 - 1)/(1 + -2). Let x = 9 - -30. Suppose -x = -5*d + f. What is the units digit of d?
8
Let x be 4/(-3)*(4 + -1). Let m(r) = r + 1. Let t be m(x). What is the units digit of (-6)/t - (2 + -1)?
1
Let o be 14 - (2 - 3)*1. Let s be (2/(-5))/(1/o). Let m = 12 + s. What is the units digit of m?
6
Let r = 143 - 93. Let y = r + -22. Suppose 5*c = -3*j + 2, 4*c + 0*c + y = 5*j. What is the units digit of j?
4
Let q(c) = -7*c**3 + c. Let g be q(-1). Let k be (-2 - -2)/(-1 - -3). Suppose u - g*u + 20 = k, -5*z = u - 9. What is the units digit of z?
1
Suppose 5*f + 3*o = 74, -f + 2*o - 28 = -3*f. What is the tens digit of f?
1
Let f(l) = l - 5. Suppose 0 = -0*p + 3*p, -3*n = -5*p - 21. Let s be f(n). What is the units digit of (-6)/(-18) - s/(-3)?
1
Let y be (1 - 0)*(14 + 7). Let i = y + 4. What is the units digit of i?
5
Let d(b) = -b**2 - 4*b. Let v(p) = -p - 12. Let q be v(-9). Let h be d(q). Suppose 2*l = -5*o + 5*l + 50, -2*l = h*o - 11. What is the units digit of o?
7
Suppose 0 = 4*k - 9 + 1. Suppose -8 = -5*c + k. Suppose c*x - 36 = -2*x. What is the units digit of x?
9
Let u(r) = -r**3 - 6*r**2 - 7. Let d be u(-6). Let y = 17 + d. Suppose 30 = 5*o - y. What is the units digit of o?
8
Suppose 7 + 14 = 3*f. Let a(k) = k**3 - 3*k**2 + 13*k + 5. Let z(h) = -h**2 - h. Let u(b) = a(b) + 5*z(b). What is the units digit of u(f)?
2
Let a be 1 + -4 - (-160)/(-10). Let y = a + 40. What is the units digit of y?
1
Let d be (-2 - -1)*(-30)/(-5). Let g(o) = -2*o. What is the tens digit of g(d)?
1
Let d be 6/(-2) - -3 - -3. Suppose 3*z + 3*i - 21 = 0, -d*z + 2*z - 3*i + 3 = 0. What is the units digit of z?
9
Let g(m) = -m**2 - 3*m + 9. Let i be g(5). Let a = -19 - i. What is the tens digit of a?
1
Let n be (-4)/8 + 2/4. Suppose n - 1 = -p. What is the units digit of p?
1
Suppose 66*i - 60*i = 2514. What is the hundreds digit of i?
4
Let f be (2/7)/((-1)/(-7)). Suppose f*u = -u. What is the tens digit of (1 - u) + -1 + 13?
1
Le